{"id":526,"date":"2025-04-12T17:16:32","date_gmt":"2025-04-12T17:16:32","guid":{"rendered":"https:\/\/fead.pkps.org.pl\/?page_id=526"},"modified":"2026-03-25T16:22:11","modified_gmt":"2026-03-25T16:22:11","slug":"fead-fepz","status":"publish","type":"page","link":"https:\/\/fead.pkps.org.pl\/","title":{"rendered":"FEAD &#038;  FEP\u017b"},"content":{"rendered":"\n<figure class=\"wp-block-image size-large\"><img fetchpriority=\"high\" decoding=\"async\" width=\"1024\" height=\"120\" src=\"https:\/\/fead.pkps.org.pl\/wp-content\/uploads\/2026\/03\/image-3-1024x120.png\" alt=\"\" class=\"wp-image-592\" srcset=\"https:\/\/fead.pkps.org.pl\/wp-content\/uploads\/2026\/03\/image-3-1024x120.png 1024w, https:\/\/fead.pkps.org.pl\/wp-content\/uploads\/2026\/03\/image-3-300x35.png 300w, https:\/\/fead.pkps.org.pl\/wp-content\/uploads\/2026\/03\/image-3-768x90.png 768w, https:\/\/fead.pkps.org.pl\/wp-content\/uploads\/2026\/03\/image-3-1536x179.png 1536w, https:\/\/fead.pkps.org.pl\/wp-content\/uploads\/2026\/03\/image-3-2048x239.png 2048w, https:\/\/fead.pkps.org.pl\/wp-content\/uploads\/2026\/03\/image-3-150x18.png 150w, https:\/\/fead.pkps.org.pl\/wp-content\/uploads\/2026\/03\/image-3-250x29.png 250w\" sizes=\"(max-width: 1024px) 100vw, 1024px\" \/><\/figure>\n\n\n<p><a href=\"https:\/\/fead.pkps.org.pl\/?page_id=550\">Rozpocz\u0119li\u015bmy wydawanie artyku\u0142\u00f3w spo\u017cywczych w ramach Podprogramu 2025.<\/a><\/p>\n\n\n<hr class=\"wp-block-separator has-alpha-channel-opacity is-style-wide\"\/>\n\n\n\n<p><a href=\"https:\/\/fead.pkps.org.pl\/?page_id=564\"><span style=\"font-family: Times New Roman, Times, serif;\">W ci\u0105gu Podprogramu 2024 w ramach Operacji II przekazali\u015bmy ponad 8 600 ton \u017cywno\u015bci<\/span><\/a><\/p>\n\n\n\n<hr class=\"wp-block-separator has-alpha-channel-opacity is-style-wide\"\/>\n\n\n\n<p><a href=\"https:\/\/fead.pkps.org.pl\/?page_id=495\" target=\"_blank\" rel=\"noopener\">Podprogramy: 2023 podsumowanie i &nbsp;FEP\u017b plany<\/a><\/p>\n\n\n\n<hr class=\"wp-block-separator has-alpha-channel-opacity is-style-wide\"\/>\n\n\n\n<p><a href=\"https:\/\/fead.pkps.org.pl\/wp-content\/uploads\/2024\/08\/WYKAZ-OPR-FEPZ-Podprogram-2023.pdf\">WYKAZ OPR. Polskiego Komitetu Pomocy Spo\u0142ecznej w Podprogramie 2023 FEP\u017b<\/a><\/p>\n\n\n\n<hr class=\"wp-block-separator has-alpha-channel-opacity is-style-wide\"\/>\n\n\n\n<div id=\"pl-2\" class=\"panel-layout\">\n<div id=\"pg-2-0\" class=\"panel-grid panel-has-style\" data-style=\"{&quot;background_display&quot;:&quot;tile&quot;,&quot;full_height&quot;:&quot;&quot;,&quot;row_stretch&quot;:&quot;full&quot;,&quot;cell_alignment&quot;:&quot;flex-start&quot;}\">\n<div class=\"siteorigin-panels-stretch panel-row-style panel-row-style-for-2-0\" data-stretch-type=\"full\">\n<div id=\"pgc-2-0-0\" class=\"panel-grid-cell\" data-weight=\"0.58119079837618\">\n<div id=\"panel-2-0-0-0\" class=\"so-panel widget widget_sow-editor panel-first-child panel-last-child\" data-index=\"0\" data-style=\"{&quot;padding&quot;:&quot;10px 10px 10px 10px&quot;,&quot;mobile_padding&quot;:&quot;0px 0px 0px 0px&quot;,&quot;background_image_attachment&quot;:false,&quot;background_display&quot;:&quot;tile&quot;,&quot;background_image_size&quot;:&quot;full&quot;,&quot;background_image_opacity&quot;:&quot;100&quot;,&quot;border_thickness&quot;:&quot;1px&quot;}\">\n<div class=\"panel-widget-style panel-widget-style-for-2-0-0-0\">\n<div class=\"so-widget-sow-editor so-widget-sow-editor-base\">\n<div class=\"siteorigin-widget-tinymce textwidget\">\n<p>FEAD czerwiec 2024:<\/p>\n<div class=\"default-style\">&#8211; ilo\u015b\u0107 towar\u00f3w wydanych z OPR &#8211; 457 649,8 kg<\/div>\n<div class=\"default-style\">&#8211; liczba os\u00f3b obj\u0119tych pomoc\u0105 \u017cywno\u015bciow\u0105 &#8211; 23 136<\/div>\n<div class=\"default-style\">&#8211; liczba dzia\u0142a\u0144 towarzysz\u0105cych &#8211; 93<\/div>\n<div class=\"default-style\">&#8211; liczba os\u00f3b uczestnicz\u0105cych w dzia\u0142aniach towarzysz\u0105cych &#8211; 1004<\/div>\n<div>&nbsp;<\/div>\n<div>&nbsp;<\/div>\n<\/div>\n<\/div>\n<\/div>\n<\/div>\n<\/div>\n<\/div>\n<\/div>\n<\/div>\n\n\n\n<div>&nbsp;<\/div>\n\n\n<div class=\"wp-block-image wp-block-image alignleft\">\n<figure class=\"\"><img decoding=\"async\" width=\"150\" height=\"150\" src=\"https:\/\/fead.pkps.org.pl\/wp-content\/uploads\/2022\/12\/pdf_icon-150x150.png\" alt=\"\" class=\"wp-image-455\"\/><\/figure><\/div>\n\n\n<p><a href=\"https:\/\/fead.pkps.org.pl\/wp-content\/uploads\/2022\/12\/FEAD2021.pdf\"><strong>PROGRM OPERACYJNY POMOC \u017bYWNO\u015aCIOWA 2014-2020 EUROPEJSKIEGO FUNDUSZU POMOCY NAJBARDZIEJ POTRZEBUJ\u0104CYM (FEAD)&nbsp;<\/strong><strong>PODPROGRAM 2021<br>(informacje- plik pdf)<\/strong><\/a><\/p>\n\n\n\n<figure class=\"wp-block-embed is-type-wp-embed is-provider-polski-komitet-pomocy-spo-eczej wp-block-embed-polski-komitet-pomocy-spo-eczej\"><a style=\"font-size: revert;\" href=\"https:\/\/fead.pkps.org.pl\/?page_id=378\">FEAD PODPROGRAM 2018<\/a><\/figure>\n\n\n\n<figure class=\"wp-block-embed is-type-wp-embed is-provider-polski-komitet-pomocy-spo-eczej wp-block-embed-polski-komitet-pomocy-spo-eczej\"><a style=\"font-size: revert;\" href=\"https:\/\/fead.pkps.org.pl\/?page_id=364\">PODSUMOWANIE PODPROGRAMU 2017<\/a><\/figure>\n\n\n\n<p><a href=\"https:\/\/fead.pkps.org.pl\/#paczka\"><strong>Zestaw artyku\u0142\u00f3w spo\u017cywczych<\/strong><\/a><\/p>\n\n\n\n<p><strong>Okres realizacji Podprogramu &nbsp;2017&nbsp; od&nbsp; 08.2017r. do 06.2018r.<\/strong> <strong>Program Operacyjny Pomoc \u017bywno\u015bciowa&nbsp; jest wsp\u00f3\u0142finansowany ze \u015brodk\u00f3w&nbsp; Europejskiego Funduszu Pomocy Najbardziej Potrzebuj\u0105cym &nbsp;&nbsp;<\/strong> <strong>&nbsp; &nbsp; &nbsp; &nbsp; &nbsp;<\/strong>Pomoc\u0105 \u017cywno\u015bciow\u0105 w ramach PO P\u017b mog\u0105 by\u0107 obj\u0119te osoby i rodziny znajduj\u0105ce si\u0119 w trudnej sytuacji \u017cyciowej, spe\u0142niaj\u0105ce kryteria okre\u015blone w art. 7 ustawy o pomocy spo\u0142ecznej, &nbsp;kt\u00f3rych doch\u00f3d nie przekracza 200 % kryterium dochodowego uprawniaj\u0105cego do skorzystania z pomocy spo\u0142ecznej, tj. 1268 &nbsp;PLN dla osoby samotnie gospodaruj\u0105cej i 1028&nbsp;PLN dla ka\u017cdej osoby w rodzinie.<\/p>\n\n\n\n<p><strong>Spos\u00f3b kwalifikowania os\u00f3b do uczestnictwa w PO P\u017b<\/strong><strong><br><\/strong>Do udzia\u0142u w programie osoby zainteresowane kwalifikowane s\u0105 przez w\u0142a\u015bciwe dla miejsca zamieszkania o\u015brodki pomocy spo\u0142ecznej. Dopiero po uzyskaniu skierowania wystawionego przez OPS, osoba potrzebuj\u0105ca mo\u017ce zg\u0142osi\u0107 si\u0119 do najbli\u017cszego punktu dystrybucji, gdzie otrzyma pomoc w postaci paczek \u017cywno\u015bciowych lub posi\u0142k\u00f3w. W wyj\u0105tkowych, uzasadnionych przypadkach osoba zainteresowana mo\u017ce zg\u0142osi\u0107 si\u0119 bezpo\u015brednio do punktu dystrybucji PKPS z pomini\u0119ciem OPS. Wym\u00f3g uzyskania skierowania z OPS nie dotyczy os\u00f3b bezdomnych, kt\u00f3re s\u0105 kwalifikowane do pomocy \u017cywno\u015bciowej bezpo\u015brednio przez plac\u00f3wki PKPS.<\/p>\n\n\n\n<p><strong>&nbsp;<\/strong><strong>Zasady przekazywania artyku\u0142\u00f3w spo\u017cywczych osobom najbardziej potrzebuj\u0105cym:<\/strong><\/p>\n\n\n\n<p>Artyku\u0142y spo\u017cywcze s\u0105 przekazywane osobom potrzebuj\u0105cym w formie paczek \u017cywno\u015bciowych lub posi\u0142k\u00f3w.<\/p>\n\n\n\n<p><strong>Definicja paczki \u017cywno\u015bciowej dla 1 odbiorcy ko\u0144cowego<\/strong>: Minimum &nbsp;kilka (tj. co najmniej trzy) artyku\u0142\u00f3w spo\u017cywczych z r\u00f3\u017cnych grup towarowych wydanych jednorazowo a wchodz\u0105cych w sk\u0142ad zestawu w Podprogramie 2017 .<\/p>\n\n\n\n<div id=\"pgc-2-0-1\" class=\"panel-grid-cell\" data-style=\"{&quot;background_display&quot;:&quot;tile&quot;,&quot;vertical_alignment&quot;:&quot;auto&quot;}\" data-weight=\"0.41880920162382\">\n<div id=\"panel-2-0-1-0\" class=\"so-panel widget widget_sow-editor panel-first-child panel-last-child\" data-index=\"1\" data-style=\"{&quot;padding&quot;:&quot;10px 10px 10px 10px&quot;,&quot;background&quot;:&quot;#efefef&quot;,&quot;background_image_attachment&quot;:false,&quot;background_display&quot;:&quot;tile&quot;}\">\n<div class=\"panel-widget-style panel-widget-style-for-2-0-1-0\">\n<div class=\"so-widget-sow-editor so-widget-sow-editor-base\">\n<div class=\"siteorigin-widget-tinymce textwidget\">\n<pre><a href=\"http:\/\/www.pkps.com.pl\/programy\/pead-2017\/index.html\">&nbsp;Bia\u0142a Podlaska<\/a>\n <a href=\"http:\/\/www.pkps.eu\">Bia\u0142ystok<\/a>\n <a href=\"http:\/\/www.pkps.bydgoszcz.pl\/\">Kujawsko \u2013 Pomorski Zarz\u0105d Wojew\u00f3dzki<\/a>\n <a href=\"http:\/\/www.pkpsgdansk.pl\/\">Pomorski Zarz\u0105d Wojew\u00f3dzki<\/a>\n Jelenia G\u00f3ra\n <a href=\"http:\/\/pkps.kalisz.pl\/2018\/02\/09\/jednostki-realizujace-program-fead-podprogram-2017\/\">Kalisz<\/a>\n <a href=\"http:\/\/swietokrzyskie.pkps.org.pl\">\u015awi\u0119tokrzyski Zarz\u0105d Wojew\u00f3dzki<\/a>\n Koszalin\n <a href=\"http:\/\/pkps.krakow.pl\/programy\/\">Krak\u00f3w<\/a>\n <a href=\"http:\/\/www.pkpskrosno.org.pl\/index.php\/programy-pomocowe\">Krosno\/Przemy\u015bl<\/a>\n <a href=\"http:\/\/www.pkps.com.pl\">Lublin<\/a>\n <a href=\"http:\/\/www.pkpslomza.pl\/index.php\/pomoc\">\u0141om\u017ca<\/a>\n <a href=\"http:\/\/pkpslodz.org\/\">\u0141\u00f3d\u017a<\/a>\n <a href=\"http:\/\/www.pkpsolsztyn.pl\/fead2017.html\">Warmi\u0144sko \u2013 Mazurski Zarz\u0105d Wojew\u00f3dzki<\/a>\n <a href=\"http:\/\/www.pkpsopole.pl\/?program\">Opole<\/a>\n <a href=\"http:\/\/www.pkps-poznan.org.pl\/pkpspoznan-fead.html\">Wielkopolski Zarz\u0105d Wojew\u00f3dzki<\/a>\n <a href=\"https:\/\/www.pkpsprzemysl.pl\/pomoc-zywnosciowa-fead-2014-2020\/fead-2017\">Przemy\u015bl<\/a>\n <a href=\"http:\/\/www.pkpssieradz.pl\/index.php\/programu-operacyjnego-pomocy-zywnosciowej-2014-2020\">Sieradz<\/a>\n <a href=\"http:\/\/www.pkps-szczecin.pl\/sprawozdania-.html\">Szczecin<\/a>\n <a href=\"http:\/\/www.pkps.katowice.pl\">\u015al\u0105ski Zarz\u0105d Wojew\u00f3dzki<\/a>\n <a href=\"http:\/\/www.pkps.walbrzych.pl\">Wa\u0142brzych<\/a>\n <a href=\"http:\/\/pkps.org.pl\/?page_id=182\">Mazowiecki Zarz\u0105d Wojew\u00f3dzki<\/a>\n Wroc\u0142aw\n <a href=\"http:\/\/www.pkpszgora.prv.pl\">Lubuski Zarz\u0105d Wojew\u00f3dzki<\/a><\/pre>\n<\/div>\n<\/div>\n<\/div>\n<\/div>\n<\/div>\n\n\n\n<div id=\"pg-2-1\" class=\"panel-grid panel-has-style\" data-style=\"{&quot;background_display&quot;:&quot;tile&quot;,&quot;full_height&quot;:&quot;&quot;,&quot;row_stretch&quot;:&quot;full&quot;,&quot;collapse_behaviour&quot;:&quot;no_collapse&quot;,&quot;cell_alignment&quot;:&quot;flex-start&quot;}\">\n<div class=\"siteorigin-panels-stretch panel-row-style panel-row-style-for-2-1\" data-stretch-type=\"full\">\n<div id=\"pgc-2-1-0\" class=\"panel-grid-cell\" data-weight=\"1\">\n<div id=\"panel-2-1-0-0\" class=\"so-panel widget widget_sow-editor panel-first-child panel-last-child\" data-index=\"2\" data-style=\"{&quot;padding&quot;:&quot;20px 20px 20px 20px&quot;,&quot;background_image_attachment&quot;:false,&quot;background_display&quot;:&quot;tile&quot;}\">\n<div class=\"panel-widget-style panel-widget-style-for-2-1-0-0\">\n<div class=\"so-widget-sow-editor so-widget-sow-editor-base\">\n<div class=\"siteorigin-widget-tinymce textwidget\">\n<div id=\"posts\">\n<div class=\"post\">\n<div class=\"post-excerpt\">\n<div id=\"pl-856\" class=\"panel-layout\">\n<div id=\"pg-856-2\" class=\"panel-grid panel-no-style\">\n<div id=\"pgc-856-2-0\" class=\"panel-grid-cell\">\n<div id=\"panel-856-2-0-0\" class=\"so-panel widget widget_sow-editor panel-first-child panel-last-child\" data-index=\"3\">\n<div class=\"so-widget-sow-editor so-widget-sow-editor-base\">\n<div class=\"siteorigin-widget-tinymce textwidget\">\n<div id=\"panel-856-0-0-0\" class=\"so-panel widget widget_sow-editor panel-first-child\" data-index=\"0\">\n<div class=\"so-widget-sow-editor so-widget-sow-editor-base\">\n<div class=\"siteorigin-widget-tinymce textwidget\">\n<p><strong>RADA NACZELNA\u00a0 POLSKIEGO KOMITETU POMOCY SPO\u0141ECZNEJ \/OPR\/<a id=\"punkty\"><\/a><\/strong><\/p>\n<\/div>\n<\/div>\n<\/div>\n<div id=\"panel-856-0-0-1\" class=\"so-panel widget widget_sow-editor panel-last-child\" data-index=\"1\">\n<div class=\"so-widget-sow-editor so-widget-sow-editor-base\">\u00a0<a id=\"paczka\"><\/a><strong><u>ZESTAWIENIE ARTYKU\u0141\u00d3W SPO\u017bYWCZYCH<\/u><\/strong><\/div>\n<\/div>\n<\/div>\n<\/div>\n<\/div>\n<\/div>\n<\/div>\n<div id=\"pg-856-3\" class=\"panel-grid panel-no-style\">\n<div id=\"pgc-856-3-0\" class=\"panel-grid-cell\">\n<div id=\"panel-856-3-0-0\" class=\"so-panel widget widget_sow-editor panel-first-child panel-last-child\" data-index=\"4\">\n<div class=\"so-widget-sow-editor so-widget-sow-editor-base\">\n<div class=\"siteorigin-widget-tinymce textwidget\">\n<p><strong>WCHODZ\u0104CYCH W SK\u0141AD PACZKI WYDAWANEJ\u00a0<\/strong><strong>NA PODSTAWIE SKIEROWA\u0143 Z O\u015aRODKA POMOCY SPO\u0141ECZNEJ\u00a0<\/strong><strong>W RAMACH PODPROGRAMU FEAD 2017<br \/><\/strong><\/p>\n<p>PACZKA \u017bYWNO\u015aCIOWA DLA 1 ODBIORCY KO\u0143COWEGO<\/p>\n<table style=\"width: 100%; height: 667px;\">\n<tbody>\n<tr style=\"height: 46px;\">\n<td style=\"height: 46px;\" scope=\"colgroup\"><strong>Lp.<\/strong><\/td>\n<td style=\"height: 46px;\" scope=\"colgroup\"><strong>Nazwa artyku\u0142u spo\u017cywczego<\/strong><\/td>\n<td style=\"height: 46px;\" scope=\"colgroup\"><strong>Liczba opakowa\u0144 na osob\u0119<\/strong><\/td>\n<td style=\"height: 46px;\" scope=\"colgroup\"><strong>Wielko\u015b\u0107 opakowa\u0144 jednostkowych (kg\/l)<\/strong><\/td>\n<td style=\"height: 46px;\" scope=\"colgroup\"><strong>Ilo\u015b\u0107 artyku\u0142u spo\u017cywczego na osob\u0119\u00a0 (kg\/l)<\/strong><\/td>\n<\/tr>\n<tr style=\"height: 23px;\">\n<td style=\"height: 23px;\" scope=\"colgroup\">\u00a0\u00a0 1.<\/td>\n<td style=\"height: 23px;\" scope=\"colgroup\">Makaron jajeczny<\/td>\n<td style=\"height: 23px;\" scope=\"colgroup\">\u00a0\u00a0\u00a0\u00a0\u00a0\u00a0\u00a0 9<\/td>\n<td style=\"height: 23px;\" scope=\"colgroup\">0,5<\/td>\n<td style=\"height: 23px;\" scope=\"colgroup\">\u00a0\u00a0\u00a0\u00a0\u00a0\u00a0\u00a0\u00a0 4,5<\/td>\n<\/tr>\n<tr style=\"height: 23px;\">\n<td style=\"height: 23px;\" scope=\"colgroup\">\u00a0\u00a0 2.<\/td>\n<td style=\"height: 23px;\" scope=\"colgroup\">Ry\u017c bia\u0142y<\/td>\n<td style=\"height: 23px;\" scope=\"colgroup\">\u00a0\u00a0\u00a0\u00a0\u00a0\u00a0\u00a0 4<\/td>\n<td style=\"height: 23px;\" scope=\"colgroup\">1<\/td>\n<td style=\"height: 23px;\" scope=\"colgroup\">\u00a0\u00a0\u00a0\u00a0\u00a0\u00a0\u00a0\u00a0 4<\/td>\n<\/tr>\n<tr style=\"height: 23px;\">\n<td style=\"height: 23px;\" scope=\"colgroup\">\u00a0\u00a0 3.<\/td>\n<td style=\"height: 23px;\" scope=\"colgroup\">Herbatniki<\/td>\n<td style=\"height: 23px;\" scope=\"colgroup\">\u00a0\u00a0\u00a0\u00a0\u00a0\u00a0\u00a0 3<\/td>\n<td style=\"height: 23px;\" scope=\"colgroup\">0,2<\/td>\n<td style=\"height: 23px;\" scope=\"colgroup\">\u00a0\u00a0\u00a0\u00a0\u00a0\u00a0\u00a0\u00a0 0,6<\/td>\n<\/tr>\n<tr style=\"height: 46px;\">\n<td style=\"height: 46px;\" scope=\"colgroup\">\u00a0\u00a0 4.<\/td>\n<td style=\"height: 46px;\" scope=\"colgroup\">Mleko UHT ma\u015blane<\/td>\n<td style=\"height: 46px;\" scope=\"colgroup\">\u00a0\u00a0\u00a0\u00a0\u00a0\u00a0\u00a0 7<\/td>\n<td style=\"height: 46px;\" scope=\"colgroup\">1<\/td>\n<td style=\"height: 46px;\" scope=\"colgroup\">\u00a0\u00a0\u00a0\u00a0\u00a0\u00a0\u00a0\u00a0 7<\/td>\n<\/tr>\n<tr style=\"height: 46px;\">\n<td style=\"height: 46px;\" scope=\"colgroup\">\u00a0\u00a0 5.<\/td>\n<td style=\"height: 46px;\" scope=\"colgroup\">Ser podpuszczkowy dojrzewaj\u0105cy<\/td>\n<td style=\"height: 46px;\" scope=\"colgroup\">\u00a0\u00a0\u00a0\u00a0\u00a0\u00a0\u00a0\u00a0 6<\/td>\n<td style=\"height: 46px;\" scope=\"colgroup\">\u00a00,4<\/td>\n<td style=\"height: 46px;\" scope=\"colgroup\">\u00a0 \u00a0 \u00a0 \u00a02,4<\/td>\n<\/tr>\n<tr style=\"height: 46px;\">\n<td style=\"height: 46px;\" scope=\"colgroup\">\u00a0\u00a0 6.<\/td>\n<td style=\"height: 46px;\" scope=\"colgroup\">Groszek z marchewk\u0105<\/td>\n<td style=\"height: 46px;\" scope=\"colgroup\">\u00a0\u00a0\u00a0\u00a0\u00a0 10<\/td>\n<td style=\"height: 46px;\" scope=\"colgroup\">0,4<\/td>\n<td style=\"height: 46px;\" scope=\"colgroup\">\u00a0\u00a0\u00a0\u00a0\u00a0\u00a0\u00a0\u00a0 4<\/td>\n<\/tr>\n<tr style=\"height: 23px;\">\n<td style=\"height: 23px;\" scope=\"colgroup\">\u00a0\u00a0 7.<\/td>\n<td style=\"height: 23px;\" scope=\"colgroup\">Fasola bia\u0142a<\/td>\n<td style=\"height: 23px;\" scope=\"colgroup\">\u00a0\u00a0\u00a0\u00a0\u00a0 10<\/td>\n<td style=\"height: 23px;\" scope=\"colgroup\">0,4<\/td>\n<td style=\"height: 23px;\" scope=\"colgroup\">\u00a0\u00a0\u00a0\u00a0\u00a0\u00a0\u00a0\u00a0 4<\/td>\n<\/tr>\n<tr style=\"height: 23px;\">\n<td style=\"height: 23px;\" scope=\"colgroup\">\u00a0\u00a0 8.<\/td>\n<td style=\"height: 23px;\" scope=\"colgroup\">Koncentrat pomidorowy<\/td>\n<td style=\"height: 23px;\" scope=\"colgroup\">\u00a0\u00a0\u00a0\u00a0\u00a0 11<\/td>\n<td style=\"height: 23px;\" scope=\"colgroup\">0,16<\/td>\n<td style=\"height: 23px;\" scope=\"colgroup\">\u00a0\u00a0\u00a0\u00a0\u00a0\u00a0\u00a0\u00a0 1,76<\/td>\n<\/tr>\n<tr style=\"height: 23px;\">\n<td style=\"height: 23px;\" scope=\"colgroup\">\u00a0\u00a0 9.<\/td>\n<td style=\"height: 23px;\" scope=\"colgroup\">Powid\u0142a \u015bliwkowe<\/td>\n<td style=\"height: 23px;\" scope=\"colgroup\">\u00a0\u00a0\u00a0\u00a0\u00a0\u00a0\u00a0 5<\/td>\n<td style=\"height: 23px;\" scope=\"colgroup\">0,3<\/td>\n<td style=\"height: 23px;\" scope=\"colgroup\">\u00a0\u00a0\u00a0\u00a0\u00a0\u00a0\u00a0\u00a0 1,5<\/td>\n<\/tr>\n<tr style=\"height: 46px;\">\n<td style=\"height: 46px;\" scope=\"colgroup\">\u00a010.<\/td>\n<td style=\"height: 46px;\" scope=\"colgroup\">Gulasz wieprzowy z warzywami<\/td>\n<td style=\"height: 46px;\" scope=\"colgroup\">2<\/td>\n<td style=\"height: 46px;\" scope=\"colgroup\">0,85<\/td>\n<td style=\"height: 46px;\" scope=\"colgroup\">\u00a0 \u00a0 \u00a0 \u00a0 \u00a0 1,7<\/td>\n<\/tr>\n<tr style=\"height: 23px;\">\n<td style=\"height: 23px;\" scope=\"colgroup\">\u00a011.<\/td>\n<td style=\"height: 23px;\" scope=\"colgroup\">Filet z makreli w oleju<\/td>\n<td style=\"height: 23px;\" scope=\"colgroup\">\u00a0\u00a0\u00a0\u00a0\u00a0 10<\/td>\n<td style=\"height: 23px;\" scope=\"colgroup\">0,17<\/td>\n<td style=\"height: 23px;\" scope=\"colgroup\">\u00a0\u00a0\u00a0\u00a0\u00a0\u00a0\u00a0\u00a0 1,7<\/td>\n<\/tr>\n<tr style=\"height: 23px;\">\n<td style=\"height: 23px;\" scope=\"colgroup\">\u00a012.<\/td>\n<td style=\"height: 23px;\" scope=\"colgroup\">Szynka drobiowa<\/td>\n<td style=\"height: 23px;\" scope=\"colgroup\">\u00a0\u00a0\u00a0\u00a0\u00a0 10<\/td>\n<td style=\"height: 23px;\" scope=\"colgroup\">0,3<\/td>\n<td style=\"height: 23px;\" scope=\"colgroup\">\u00a0\u00a0\u00a0\u00a0\u00a0\u00a0\u00a0\u00a0 3<\/td>\n<\/tr>\n<tr style=\"height: 23px;\">\n<td style=\"height: 23px;\" scope=\"colgroup\">\u00a013.<\/td>\n<td style=\"height: 23px;\" scope=\"colgroup\">Cukier bia\u0142y<\/td>\n<td style=\"height: 23px;\" scope=\"colgroup\">\u00a0\u00a0\u00a0\u00a0\u00a0\u00a0\u00a0 4<\/td>\n<td style=\"height: 23px;\" scope=\"colgroup\">1<\/td>\n<td style=\"height: 23px;\" scope=\"colgroup\">\u00a0\u00a0\u00a0\u00a0\u00a0\u00a0\u00a0\u00a0 4<\/td>\n<\/tr>\n<tr style=\"height: 23px;\">\n<td style=\"height: 23px;\" scope=\"colgroup\">\u00a014.<\/td>\n<td style=\"height: 23px;\" scope=\"colgroup\">Olej rzepakowy<\/td>\n<td style=\"height: 23px;\" scope=\"colgroup\">\u00a0\u00a0\u00a0\u00a0\u00a0\u00a0\u00a0 4<\/td>\n<td style=\"height: 23px;\" scope=\"colgroup\">1<\/td>\n<td style=\"height: 23px;\" scope=\"colgroup\">\u00a0\u00a0\u00a0\u00a0\u00a0\u00a0\u00a0\u00a0 4<\/td>\n<\/tr>\n<tr style=\"height: 23px;\">\n<td style=\"height: 23px;\" scope=\"colgroup\">\u00a015.<\/td>\n<td style=\"height: 23px;\" scope=\"colgroup\">Buraczki wi\u00f3rki<\/td>\n<td style=\"height: 23px;\" scope=\"colgroup\">\u00a0\u00a0\u00a0\u00a0\u00a0\u00a0\u00a0 3<\/td>\n<td style=\"height: 23px;\" scope=\"colgroup\">0,35<\/td>\n<td style=\"height: 23px;\" scope=\"colgroup\">\u00a0\u00a0\u00a0\u00a0\u00a0\u00a0\u00a0\u00a0 1,05<\/td>\n<\/tr>\n<tr style=\"height: 46px;\">\n<td style=\"height: 46px;\" scope=\"colgroup\">\u00a016.<\/td>\n<td style=\"height: 46px;\" scope=\"colgroup\">Makaron kukurydziany bezglutenowy<\/td>\n<td style=\"height: 46px;\" scope=\"colgroup\">\u00a0\u00a0\u00a0\u00a0\u00a0\u00a0\u00a0\u00a0 1<\/td>\n<td style=\"height: 46px;\" scope=\"colgroup\">\u00a00,5<\/td>\n<td style=\"height: 46px;\" scope=\"colgroup\">\u00a0\u00a0\u00a0\u00a0\u00a0\u00a0\u00a0\u00a0\u00a0 0,5<\/td>\n<\/tr>\n<tr style=\"height: 23px;\">\n<td style=\"height: 23px;\" scope=\"colgroup\">\u00a017.<\/td>\n<td style=\"height: 23px;\" scope=\"colgroup\">Kasza gryczana<\/td>\n<td style=\"height: 23px;\" scope=\"colgroup\">\u00a0\u00a0\u00a0\u00a0\u00a0\u00a0\u00a0 4<\/td>\n<td style=\"height: 23px;\" scope=\"colgroup\">0,5<\/td>\n<td style=\"height: 23px;\" scope=\"colgroup\">\u00a0\u00a0\u00a0\u00a0\u00a0\u00a0\u00a0\u00a0 2<\/td>\n<\/tr>\n<tr style=\"height: 46px;\">\n<td style=\"height: 46px;\" scope=\"colgroup\">\u00a018.<\/td>\n<td style=\"height: 46px;\" scope=\"colgroup\">Szynka wieprzowa mielona<\/td>\n<td style=\"height: 46px;\" scope=\"colgroup\">\u00a0\u00a0\u00a0\u00a0\u00a0\u00a0\u00a0 7<\/td>\n<td style=\"height: 46px;\" scope=\"colgroup\">0,3<\/td>\n<td style=\"height: 46px;\" scope=\"colgroup\">\u00a0\u00a0\u00a0\u00a0\u00a0\u00a0\u00a0\u00a0 2,1<\/td>\n<\/tr>\n<tr style=\"height: 23px;\">\n<td style=\"height: 23px;\" scope=\"colgroup\">\u00a019.<\/td>\n<td style=\"height: 23px;\" scope=\"colgroup\">Pasztet<\/td>\n<td style=\"height: 23px;\" scope=\"colgroup\">\u00a0\u00a0\u00a0\u00a0\u00a0\u00a0\u00a0 4<\/td>\n<td style=\"height: 23px;\" scope=\"colgroup\">0,16<\/td>\n<td style=\"height: 23px;\" scope=\"colgroup\">\u00a0\u00a0\u00a0\u00a0\u00a0\u00a0\u00a0\u00a0 0,64<\/td>\n<\/tr>\n<tr style=\"height: 23px;\">\n<td style=\"height: 23px;\" scope=\"colgroup\">20.<\/td>\n<td style=\"height: 23px;\" scope=\"colgroup\">Mi\u00f3d<\/td>\n<td style=\"height: 23px;\" scope=\"colgroup\">1<\/td>\n<td style=\"height: 23px;\" scope=\"colgroup\">0,4<\/td>\n<td style=\"height: 23px;\" scope=\"colgroup\">\u00a0 \u00a0 \u00a0 \u00a0 \u00a00,4<\/td>\n<\/tr>\n<tr style=\"height: 23px;\">\n<td style=\"height: 23px;\" scope=\"colgroup\">21.<\/td>\n<td style=\"height: 23px;\" scope=\"colgroup\">Kabanosy<\/td>\n<td style=\"height: 23px;\" scope=\"colgroup\">3<\/td>\n<td style=\"height: 23px;\" scope=\"colgroup\">0,12<\/td>\n<td style=\"height: 23px;\" scope=\"colgroup\">\u00a0 \u00a0 \u00a0 \u00a00,36<\/td>\n<\/tr>\n<\/tbody>\n<\/table>\n<\/div>\n<\/div>\n<\/div>\n<\/div>\n<\/div>\n<\/div>\n<\/div>\n<\/div>\n<\/div>\n<aside id=\"sidebar-right\">\n<div id=\"search-2\" class=\"widget widget_search\"><form id=\"searchform\" class=\"searchform\" role=\"search\" action=\"http:\/\/klewiado1.home.pl\/autoinstalator\/wordpress\/\" method=\"get\">\n<div><label class=\"screen-reader-text\" for=\"s\">Szukaj:<\/label><input id=\"s\" name=\"s\" type=\"text\" value=\"\" \/><input id=\"searchsubmit\" type=\"submit\" value=\"Szukaj\" \/><\/div>\n<\/form><\/div>\n<div id=\"nav_menu-5\" class=\"widget widget_nav_menu\">\n<div class=\"menu-nasze-placowki-container\">\u00a0<\/div>\n<\/div>\n<\/aside>\n<\/div>\n<\/div>\n<\/div>\n<\/div>\n<\/div>\n<\/div>\n<\/div>\n\n\n","protected":false},"excerpt":{"rendered":"<p>Rozpocz\u0119li\u015bmy wydawanie artyku\u0142\u00f3w spo\u017cywczych w ramach Podprogramu 2025. W ci\u0105gu Podprogramu 2024 w ramach Operacji II przekazali\u015bmy ponad 8 600 ton \u017cywno\u015bci Podprogramy: 2023 podsumowanie i &nbsp;FEP\u017b plany WYKAZ OPR. Polskiego Komitetu Pomocy Spo\u0142ecznej w Podprogramie 2023 FEP\u017b FEAD czerwiec 2024: &#8211; ilo\u015b\u0107 towar\u00f3w wydanych z OPR &#8211; 457 649,8\u2026 <a class=\"continue-reading-link\" href=\"https:\/\/fead.pkps.org.pl\/\"> Continue reading <span class=\"meta-nav\">&rarr; <\/span><\/a><\/p>\n","protected":false},"author":2,"featured_media":0,"parent":0,"menu_order":0,"comment_status":"closed","ping_status":"closed","template":"","meta":{"footnotes":"","_links_to":"","_links_to_target":""},"class_list":["post-526","page","type-page","status-publish","hentry"],"_links":{"self":[{"href":"https:\/\/fead.pkps.org.pl\/index.php?rest_route=\/wp\/v2\/pages\/526","targetHints":{"allow":["GET"]}}],"collection":[{"href":"https:\/\/fead.pkps.org.pl\/index.php?rest_route=\/wp\/v2\/pages"}],"about":[{"href":"https:\/\/fead.pkps.org.pl\/index.php?rest_route=\/wp\/v2\/types\/page"}],"author":[{"embeddable":true,"href":"https:\/\/fead.pkps.org.pl\/index.php?rest_route=\/wp\/v2\/users\/2"}],"replies":[{"embeddable":true,"href":"https:\/\/fead.pkps.org.pl\/index.php?rest_route=%2Fwp%2Fv2%2Fcomments&post=526"}],"version-history":[{"count":20,"href":"https:\/\/fead.pkps.org.pl\/index.php?rest_route=\/wp\/v2\/pages\/526\/revisions"}],"predecessor-version":[{"id":593,"href":"https:\/\/fead.pkps.org.pl\/index.php?rest_route=\/wp\/v2\/pages\/526\/revisions\/593"}],"wp:attachment":[{"href":"https:\/\/fead.pkps.org.pl\/index.php?rest_route=%2Fwp%2Fv2%2Fmedia&parent=526"}],"curies":[{"name":"wp","href":"https:\/\/api.w.org\/{rel}","templated":true}]}}